{"id":37,"date":"2015-01-08T16:20:03","date_gmt":"2015-01-08T16:20:03","guid":{"rendered":"http:\/\/heilerakademieeuropa.apps-1and1.net\/?page_id=37"},"modified":"2015-01-10T17:45:22","modified_gmt":"2015-01-10T17:45:22","slug":"das-team","status":"publish","type":"page","link":"https:\/\/heilerakademie.eu\/?page_id=37","title":{"rendered":"Das Team"},"content":{"rendered":"<h2><strong>Das Team der Heilerakademie EUROPA stellt sich vor.<\/strong><\/h2>\n<p><strong>Die Akademie-Leitung:<\/strong><\/p>\n<div style=\"width: 138px\" class=\"wp-caption alignleft\"><a title=\"Wolfgang T. M\u00fcller\" href=\"https:\/\/heilerakademie.eu\/?page_id=45\"><img loading=\"lazy\" decoding=\"async\" src=\"http:\/\/www.heilerakademie.at\/images\/stories\/wolfgang07.jpg\" alt=\"Wolfgang T. M\u00fcller\" width=\"128\" height=\"138\" border=\"0\" \/><\/a><p class=\"wp-caption-text\">Wolfgang T. M\u00fcller Leiter der Heilerakademie Europa<\/p><\/div>\n<p>&nbsp;<\/p>\n<p><strong><a title=\"Wolfgang T. M\u00fcller\" href=\"https:\/\/heilerakademie.eu\/?page_id=45\">Wolfgang T. M\u00fcller<\/a> <\/strong>ist Leiter der Heilerakademie und f\u00fchrt\u00a0selbst Vortr\u00e4ge, Seminare und Workshops durch.<\/p>\n<p>Au\u00dferdem steht er Hilfesuchenden in Einzelgespr\u00e4chen und auch per Fernbehandlung als geistiger Heiler und spiritueller Lebensberater nach Terminabsprache zur Verf\u00fcgung.<\/p>\n<p><a title=\"Wolfgang T. M\u00fcller\" href=\"https:\/\/heilerakademie.eu\/?page_id=45\">Seine Vita finden Sie hier<\/a><\/p>\n<p>&nbsp;<\/p>\n<div id=\"attachment_58\" style=\"width: 142px\" class=\"wp-caption alignleft\"><a title=\"Silvia Martinek\" href=\"https:\/\/heilerakademie.eu\/?page_id=50\"><img loading=\"lazy\" decoding=\"async\" aria-describedby=\"caption-attachment-58\" class=\"wp-image-58\" src=\"https:\/\/heilerakademie.eu\/wp-content\/uploads\/2015\/01\/DSC8878-e1420750714796-266x300.jpg\" alt=\"\" width=\"132\" height=\"149\" srcset=\"https:\/\/heilerakademie.eu\/wp-content\/uploads\/2015\/01\/DSC8878-e1420750714796-266x300.jpg 266w, https:\/\/heilerakademie.eu\/wp-content\/uploads\/2015\/01\/DSC8878-e1420750714796.jpg 374w\" sizes=\"auto, (max-width: 132px) 100vw, 132px\" \/><\/a><p id=\"caption-attachment-58\" class=\"wp-caption-text\">Silvia Martinek Leiterin der Heilerakademie Europa<\/p><\/div>\n<p><strong><a title=\"Silvia Martinek\" href=\"https:\/\/heilerakademie.eu\/?page_id=50\"><br \/>\nSilvia Martinek<\/a>\u00a0<\/strong>ist Leiterin der Heilerakademie und f\u00fchrt\u00a0selbst Vortr\u00e4ge, Seminare und Workshops durch.<\/p>\n<p>Au\u00dferdem steht sie\u00a0Hilfesuchenden in Einzelgespr\u00e4chen und auch per Fernbehandlung als geistige Heilerin, Channelmedium und spirituelle Lebensberaterin nach Terminabsprache zur Verf\u00fcgung.<\/p>\n<p><a title=\"Silvia Martinek\" href=\"https:\/\/heilerakademie.eu\/?page_id=50\">Ihre\u00a0Vita finden Sie hier<\/a><\/p>\n<p>&nbsp;<\/p>\n<p><strong>Weitere Team-Mitglieder und ausgebildete Geistheiler der Heilerakademie:<\/strong><\/p>\n<p><a href=\"https:\/\/heilerakademie.eu\/?page_id=78\"><img loading=\"lazy\" decoding=\"async\" class=\"alignnone\" src=\"http:\/\/www.heilerakademie.at\/images\/stories\/p1060312-1.jpg\" alt=\"Heiler der Heilerakademie\" width=\"515\" height=\"237\" border=\"0\" \/><\/a><\/p>\n<p>&nbsp;<\/p>\n<p><a title=\"Unser Heiler-Team in Europa\" href=\"https:\/\/heilerakademie.eu\/?page_id=78\">Die Kontaktdaten zu unseren Berufskollegen in Europa finden Sie hier&#8230;<\/a><\/p>\n<p>&nbsp;<\/p>\n<p>&nbsp;<\/p>\n<p>&nbsp;<\/p>\n<p>&nbsp;<\/p>\n","protected":false},"excerpt":{"rendered":"<p>Das Team der Heilerakademie EUROPA stellt sich vor. Die Akademie-Leitung: &nbsp; Wolfgang T. M\u00fcller ist Leiter der Heilerakademie und f\u00fchrt\u00a0selbst Vortr\u00e4ge, Seminare und Workshops durch. Au\u00dferdem steht er Hilfesuchenden in Einzelgespr\u00e4chen und auch per Fernbehandlung als geistiger Heiler und spiritueller &hellip; <a href=\"https:\/\/heilerakademie.eu\/?page_id=37\">Weiterlesen <span class=\"meta-nav\">&rarr;<\/span><\/a><\/p>\n","protected":false},"author":1,"featured_media":0,"parent":0,"menu_order":0,"comment_status":"closed","ping_status":"closed","template":"","meta":{"footnotes":""},"class_list":["post-37","page","type-page","status-publish","hentry"],"yoast_head":"<!-- This site is optimized with the Yoast SEO plugin v28.3 - https:\/\/yoast.com\/product\/yoast-seo-wordpress\/ -->\n<title>Das Team - HEILERAKADEMIE EUROPA<\/title>\n<meta name=\"robots\" content=\"index, follow, max-snippet:-1, max-image-preview:large, max-video-preview:-1\" \/>\n<link rel=\"canonical\" href=\"https:\/\/heilerakademie.eu\/?page_id=37\" \/>\n<meta property=\"og:locale\" content=\"de_DE\" \/>\n<meta property=\"og:type\" content=\"article\" \/>\n<meta property=\"og:title\" content=\"Das Team - HEILERAKADEMIE EUROPA\" \/>\n<meta property=\"og:description\" content=\"Das Team der Heilerakademie EUROPA stellt sich vor. Die Akademie-Leitung: &nbsp; Wolfgang T. M\u00fcller ist Leiter der Heilerakademie und f\u00fchrt\u00a0selbst Vortr\u00e4ge, Seminare und Workshops durch. Au\u00dferdem steht er Hilfesuchenden in Einzelgespr\u00e4chen und auch per Fernbehandlung als geistiger Heiler und spiritueller &hellip; Weiterlesen &rarr;\" \/>\n<meta property=\"og:url\" content=\"https:\/\/heilerakademie.eu\/?page_id=37\" \/>\n<meta property=\"og:site_name\" content=\"HEILERAKADEMIE EUROPA\" \/>\n<meta property=\"article:modified_time\" content=\"2015-01-10T17:45:22+00:00\" \/>\n<meta property=\"og:image\" content=\"http:\/\/www.heilerakademie.at\/images\/stories\/wolfgang07.jpg\" \/>\n<meta name=\"twitter:label1\" content=\"Gesch\u00e4tzte Lesezeit\" \/>\n\t<meta name=\"twitter:data1\" content=\"1\u00a0Minute\" \/>\n<script type=\"application\/ld+json\" class=\"yoast-schema-graph\">{\"@context\":\"https:\\\/\\\/schema.org\",\"@graph\":[{\"@type\":\"WebPage\",\"@id\":\"https:\\\/\\\/heilerakademie.eu\\\/?page_id=37\",\"url\":\"https:\\\/\\\/heilerakademie.eu\\\/?page_id=37\",\"name\":\"Das Team - HEILERAKADEMIE EUROPA\",\"isPartOf\":{\"@id\":\"https:\\\/\\\/heilerakademie.eu\\\/#website\"},\"primaryImageOfPage\":{\"@id\":\"https:\\\/\\\/heilerakademie.eu\\\/?page_id=37#primaryimage\"},\"image\":{\"@id\":\"https:\\\/\\\/heilerakademie.eu\\\/?page_id=37#primaryimage\"},\"thumbnailUrl\":\"http:\\\/\\\/www.heilerakademie.at\\\/images\\\/stories\\\/wolfgang07.jpg\",\"datePublished\":\"2015-01-08T16:20:03+00:00\",\"dateModified\":\"2015-01-10T17:45:22+00:00\",\"breadcrumb\":{\"@id\":\"https:\\\/\\\/heilerakademie.eu\\\/?page_id=37#breadcrumb\"},\"inLanguage\":\"de\",\"potentialAction\":[{\"@type\":\"ReadAction\",\"target\":[\"https:\\\/\\\/heilerakademie.eu\\\/?page_id=37\"]}]},{\"@type\":\"ImageObject\",\"inLanguage\":\"de\",\"@id\":\"https:\\\/\\\/heilerakademie.eu\\\/?page_id=37#primaryimage\",\"url\":\"http:\\\/\\\/www.heilerakademie.at\\\/images\\\/stories\\\/wolfgang07.jpg\",\"contentUrl\":\"http:\\\/\\\/www.heilerakademie.at\\\/images\\\/stories\\\/wolfgang07.jpg\"},{\"@type\":\"BreadcrumbList\",\"@id\":\"https:\\\/\\\/heilerakademie.eu\\\/?page_id=37#breadcrumb\",\"itemListElement\":[{\"@type\":\"ListItem\",\"position\":1,\"name\":\"Home\",\"item\":\"https:\\\/\\\/heilerakademie.eu\\\/\"},{\"@type\":\"ListItem\",\"position\":2,\"name\":\"Das Team\"}]},{\"@type\":\"WebSite\",\"@id\":\"https:\\\/\\\/heilerakademie.eu\\\/#website\",\"url\":\"https:\\\/\\\/heilerakademie.eu\\\/\",\"name\":\"HEILERAKADEMIE EUROPA\",\"description\":\"Akademie f\u00fcr Alternative Heilungsmethoden und Energiemedizin\",\"potentialAction\":[{\"@type\":\"SearchAction\",\"target\":{\"@type\":\"EntryPoint\",\"urlTemplate\":\"https:\\\/\\\/heilerakademie.eu\\\/?s={search_term_string}\"},\"query-input\":{\"@type\":\"PropertyValueSpecification\",\"valueRequired\":true,\"valueName\":\"search_term_string\"}}],\"inLanguage\":\"de\"}]}<\/script>\n<!-- \/ Yoast SEO plugin. -->","yoast_head_json":{"title":"Das Team - HEILERAKADEMIE EUROPA","robots":{"index":"index","follow":"follow","max-snippet":"max-snippet:-1","max-image-preview":"max-image-preview:large","max-video-preview":"max-video-preview:-1"},"canonical":"https:\/\/heilerakademie.eu\/?page_id=37","og_locale":"de_DE","og_type":"article","og_title":"Das Team - HEILERAKADEMIE EUROPA","og_description":"Das Team der Heilerakademie EUROPA stellt sich vor. Die Akademie-Leitung: &nbsp; Wolfgang T. M\u00fcller ist Leiter der Heilerakademie und f\u00fchrt\u00a0selbst Vortr\u00e4ge, Seminare und Workshops durch. Au\u00dferdem steht er Hilfesuchenden in Einzelgespr\u00e4chen und auch per Fernbehandlung als geistiger Heiler und spiritueller &hellip; Weiterlesen &rarr;","og_url":"https:\/\/heilerakademie.eu\/?page_id=37","og_site_name":"HEILERAKADEMIE EUROPA","article_modified_time":"2015-01-10T17:45:22+00:00","og_image":[{"url":"http:\/\/www.heilerakademie.at\/images\/stories\/wolfgang07.jpg","type":"","width":"","height":""}],"twitter_misc":{"Gesch\u00e4tzte Lesezeit":"1\u00a0Minute"},"schema":{"@context":"https:\/\/schema.org","@graph":[{"@type":"WebPage","@id":"https:\/\/heilerakademie.eu\/?page_id=37","url":"https:\/\/heilerakademie.eu\/?page_id=37","name":"Das Team - HEILERAKADEMIE EUROPA","isPartOf":{"@id":"https:\/\/heilerakademie.eu\/#website"},"primaryImageOfPage":{"@id":"https:\/\/heilerakademie.eu\/?page_id=37#primaryimage"},"image":{"@id":"https:\/\/heilerakademie.eu\/?page_id=37#primaryimage"},"thumbnailUrl":"http:\/\/www.heilerakademie.at\/images\/stories\/wolfgang07.jpg","datePublished":"2015-01-08T16:20:03+00:00","dateModified":"2015-01-10T17:45:22+00:00","breadcrumb":{"@id":"https:\/\/heilerakademie.eu\/?page_id=37#breadcrumb"},"inLanguage":"de","potentialAction":[{"@type":"ReadAction","target":["https:\/\/heilerakademie.eu\/?page_id=37"]}]},{"@type":"ImageObject","inLanguage":"de","@id":"https:\/\/heilerakademie.eu\/?page_id=37#primaryimage","url":"http:\/\/www.heilerakademie.at\/images\/stories\/wolfgang07.jpg","contentUrl":"http:\/\/www.heilerakademie.at\/images\/stories\/wolfgang07.jpg"},{"@type":"BreadcrumbList","@id":"https:\/\/heilerakademie.eu\/?page_id=37#breadcrumb","itemListElement":[{"@type":"ListItem","position":1,"name":"Home","item":"https:\/\/heilerakademie.eu\/"},{"@type":"ListItem","position":2,"name":"Das Team"}]},{"@type":"WebSite","@id":"https:\/\/heilerakademie.eu\/#website","url":"https:\/\/heilerakademie.eu\/","name":"HEILERAKADEMIE EUROPA","description":"Akademie f\u00fcr Alternative Heilungsmethoden und Energiemedizin","potentialAction":[{"@type":"SearchAction","target":{"@type":"EntryPoint","urlTemplate":"https:\/\/heilerakademie.eu\/?s={search_term_string}"},"query-input":{"@type":"PropertyValueSpecification","valueRequired":true,"valueName":"search_term_string"}}],"inLanguage":"de"}]}},"_links":{"self":[{"href":"https:\/\/heilerakademie.eu\/index.php?rest_route=\/wp\/v2\/pages\/37","targetHints":{"allow":["GET"]}}],"collection":[{"href":"https:\/\/heilerakademie.eu\/index.php?rest_route=\/wp\/v2\/pages"}],"about":[{"href":"https:\/\/heilerakademie.eu\/index.php?rest_route=\/wp\/v2\/types\/page"}],"author":[{"embeddable":true,"href":"https:\/\/heilerakademie.eu\/index.php?rest_route=\/wp\/v2\/users\/1"}],"replies":[{"embeddable":true,"href":"https:\/\/heilerakademie.eu\/index.php?rest_route=%2Fwp%2Fv2%2Fcomments&post=37"}],"version-history":[{"count":8,"href":"https:\/\/heilerakademie.eu\/index.php?rest_route=\/wp\/v2\/pages\/37\/revisions"}],"predecessor-version":[{"id":98,"href":"https:\/\/heilerakademie.eu\/index.php?rest_route=\/wp\/v2\/pages\/37\/revisions\/98"}],"wp:attachment":[{"href":"https:\/\/heilerakademie.eu\/index.php?rest_route=%2Fwp%2Fv2%2Fmedia&parent=37"}],"curies":[{"name":"wp","href":"https:\/\/api.w.org\/{rel}","templated":true}]}}

<h2><strong>Das Team der Heilerakademie EUROPA stellt sich vor.</strong></h2>
<p><strong>Die Akademie-Leitung:</strong></p>
<div style="width: 138px" class="wp-caption alignleft"><a title="Wolfgang T. Müller" href="https://heilerakademie.eu/?page_id=45"><img loading="lazy" decoding="async" src="http://www.heilerakademie.at/images/stories/wolfgang07.jpg" alt="Wolfgang T. Müller" width="128" height="138" border="0" /></a><p class="wp-caption-text">Wolfgang T. Müller Leiter der Heilerakademie Europa</p></div>
<p>&nbsp;</p>
<p><strong><a title="Wolfgang T. Müller" href="https://heilerakademie.eu/?page_id=45">Wolfgang T. Müller</a> </strong>ist Leiter der Heilerakademie und führt selbst Vorträge, Seminare und Workshops durch.</p>
<p>Außerdem steht er Hilfesuchenden in Einzelgesprächen und auch per Fernbehandlung als geistiger Heiler und spiritueller Lebensberater nach Terminabsprache zur Verfügung.</p>
<p><a title="Wolfgang T. Müller" href="https://heilerakademie.eu/?page_id=45">Seine Vita finden Sie hier</a></p>
<p>&nbsp;</p>
<div id="attachment_58" style="width: 142px" class="wp-caption alignleft"><a title="Silvia Martinek" href="https://heilerakademie.eu/?page_id=50"><img loading="lazy" decoding="async" aria-describedby="caption-attachment-58" class="wp-image-58" src="https://heilerakademie.eu/wp-content/uploads/2015/01/DSC8878-e1420750714796-266x300.jpg" alt="" width="132" height="149" srcset="https://heilerakademie.eu/wp-content/uploads/2015/01/DSC8878-e1420750714796-266x300.jpg 266w, https://heilerakademie.eu/wp-content/uploads/2015/01/DSC8878-e1420750714796.jpg 374w" sizes="auto, (max-width: 132px) 100vw, 132px" /></a><p id="caption-attachment-58" class="wp-caption-text">Silvia Martinek Leiterin der Heilerakademie Europa</p></div>
<p><strong><a title="Silvia Martinek" href="https://heilerakademie.eu/?page_id=50"><br />
Silvia Martinek</a> </strong>ist Leiterin der Heilerakademie und führt selbst Vorträge, Seminare und Workshops durch.</p>
<p>Außerdem steht sie Hilfesuchenden in Einzelgesprächen und auch per Fernbehandlung als geistige Heilerin, Channelmedium und spirituelle Lebensberaterin nach Terminabsprache zur Verfügung.</p>
<p><a title="Silvia Martinek" href="https://heilerakademie.eu/?page_id=50">Ihre Vita finden Sie hier</a></p>
<p>&nbsp;</p>
<p><strong>Weitere Team-Mitglieder und ausgebildete Geistheiler der Heilerakademie:</strong></p>
<p><a href="https://heilerakademie.eu/?page_id=78"><img loading="lazy" decoding="async" class="alignnone" src="http://www.heilerakademie.at/images/stories/p1060312-1.jpg" alt="Heiler der Heilerakademie" width="515" height="237" border="0" /></a></p>
<p>&nbsp;</p>
<p><a title="Unser Heiler-Team in Europa" href="https://heilerakademie.eu/?page_id=78">Die Kontaktdaten zu unseren Berufskollegen in Europa finden Sie hier&#8230;</a></p>
<p>&nbsp;</p>
<p>&nbsp;</p>
<p>&nbsp;</p>
<p>&nbsp;</p>

<p>Das Team der Heilerakademie EUROPA stellt sich vor. Die Akademie-Leitung: &nbsp; Wolfgang T. Müller ist Leiter der Heilerakademie und führt selbst Vorträge, Seminare und Workshops durch. Außerdem steht er Hilfesuchenden in Einzelgesprächen und auch per Fernbehandlung als geistiger Heiler und spiritueller &hellip; <a href="https://heilerakademie.eu/?page_id=37">Weiterlesen <span class="meta-nav">&rarr;</span></a></p>

<!-- This site is optimized with the Yoast SEO plugin v28.3 - https://yoast.com/product/yoast-seo-wordpress/ -->
<title>Das Team - HEILERAKADEMIE EUROPA</title>
<meta name="robots" content="index, follow, max-snippet:-1, max-image-preview:large, max-video-preview:-1" />
<link rel="canonical" href="https://heilerakademie.eu/?page_id=37" />
<meta property="og:locale" content="de_DE" />
<meta property="og:type" content="article" />
<meta property="og:title" content="Das Team - HEILERAKADEMIE EUROPA" />
<meta property="og:description" content="Das Team der Heilerakademie EUROPA stellt sich vor. Die Akademie-Leitung: &nbsp; Wolfgang T. Müller ist Leiter der Heilerakademie und führt selbst Vorträge, Seminare und Workshops durch. Außerdem steht er Hilfesuchenden in Einzelgesprächen und auch per Fernbehandlung als geistiger Heiler und spiritueller &hellip; Weiterlesen &rarr;" />
<meta property="og:url" content="https://heilerakademie.eu/?page_id=37" />
<meta property="og:site_name" content="HEILERAKADEMIE EUROPA" />
<meta property="article:modified_time" content="2015-01-10T17:45:22+00:00" />
<meta property="og:image" content="http://www.heilerakademie.at/images/stories/wolfgang07.jpg" />
<meta name="twitter:label1" content="Geschätzte Lesezeit" />
	<meta name="twitter:data1" content="1 Minute" />
<script type="application/ld+json" class="yoast-schema-graph">{"@context":"https:\/\/schema.org","@graph":[{"@type":"WebPage","@id":"https:\/\/heilerakademie.eu\/?page_id=37","url":"https:\/\/heilerakademie.eu\/?page_id=37","name":"Das Team - HEILERAKADEMIE EUROPA","isPartOf":{"@id":"https:\/\/heilerakademie.eu\/#website"},"primaryImageOfPage":{"@id":"https:\/\/heilerakademie.eu\/?page_id=37#primaryimage"},"image":{"@id":"https:\/\/heilerakademie.eu\/?page_id=37#primaryimage"},"thumbnailUrl":"http:\/\/www.heilerakademie.at\/images\/stories\/wolfgang07.jpg","datePublished":"2015-01-08T16:20:03+00:00","dateModified":"2015-01-10T17:45:22+00:00","breadcrumb":{"@id":"https:\/\/heilerakademie.eu\/?page_id=37#breadcrumb"},"inLanguage":"de","potentialAction":[{"@type":"ReadAction","target":["https:\/\/heilerakademie.eu\/?page_id=37"]}]},{"@type":"ImageObject","inLanguage":"de","@id":"https:\/\/heilerakademie.eu\/?page_id=37#primaryimage","url":"http:\/\/www.heilerakademie.at\/images\/stories\/wolfgang07.jpg","contentUrl":"http:\/\/www.heilerakademie.at\/images\/stories\/wolfgang07.jpg"},{"@type":"BreadcrumbList","@id":"https:\/\/heilerakademie.eu\/?page_id=37#breadcrumb","itemListElement":[{"@type":"ListItem","position":1,"name":"Home","item":"https:\/\/heilerakademie.eu\/"},{"@type":"ListItem","position":2,"name":"Das Team"}]},{"@type":"WebSite","@id":"https:\/\/heilerakademie.eu\/#website","url":"https:\/\/heilerakademie.eu\/","name":"HEILERAKADEMIE EUROPA","description":"Akademie für Alternative Heilungsmethoden und Energiemedizin","potentialAction":[{"@type":"SearchAction","target":{"@type":"EntryPoint","urlTemplate":"https:\/\/heilerakademie.eu\/?s={search_term_string}"},"query-input":{"@type":"PropertyValueSpecification","valueRequired":true,"valueName":"search_term_string"}}],"inLanguage":"de"}]}</script>
<!-- / Yoast SEO plugin. -->

Das Team der Heilerakademie EUROPA stellt sich vor. Die Akademie-Leitung: &nbsp; Wolfgang T. Müller ist Leiter der Heilerakademie und führt selbst Vorträge, Seminare und Workshops durch. Außerdem steht er Hilfesuchenden in Einzelgesprächen und auch per Fernbehandlung als geistiger Heiler und spiritueller &hellip; Weiterlesen &rarr;

Akademie für Alternative Heilungsmethoden und Energiemedizin
